mmon factor of 575 and 150?
25
What is the greatest common divisor of 370 and 962?
74
Calculate the highest common factor of 42 and 168.
42
What is the greatest common divisor of 12523 and 7?
7
Calculate the highest common factor of 440 and 990.
110
Calculate the greatest common divisor of 64 and 928.
32
Calculate the highest common factor of 76 and 6.
2
Calculate the greatest common divisor of 13 and 637.
13
What is the greatest common divisor of 209 and 81719?
209
What is the greatest common factor of 72 and 1632?
24
What is the greatest common divisor of 95 and 25?
5
Calculate the highest common factor of 13 and 52.
13
What is the highest common divisor of 10678 and 38?
38
Calculate the highest common factor of 1650 and 625.
25
What is the highest common divisor of 30 and 75?
15
Calculate the highest common divisor of 528 and 48.
48
Calculate the highest common factor of 1264 and 79.
79
What is the highest common factor of 220 and 88?
44
Calculate the greatest common factor of 588 and 384.
12
Calculate the highest common factor of 10 and 6.
2
What is the highest common divisor of 15 and 630?
15
What is the greatest common divisor of 56 and 936?
8
Calculate the greatest common divisor of 1440 and 8480.
160
Calculate the highest common divisor of 21625 and 625.
125
Calculate the highest common divisor of 110 and 590.
10
What is the highest common divisor of 3293 and 89?
89
What is the greatest common factor of 2716 and 28?
28
What is the greatest common divisor of 4609 and 11?
11
Calculate the highest common factor of 102 and 25466.
34
Calculate the highest common factor of 25 and 32900.
25
What is the greatest common factor of 5 and 1?
1
Calculate the highest common factor of 306 and 2538.
18
Calculate the greatest common divisor of 97 and 14453.
97
Calculate the greatest common divisor of 150 and 156.
6
Calculate the greatest common factor of 46 and 52.
2
What is the highest common factor of 90 and 855?
45
What is the greatest common divisor of 2573 and 31?
31
Calculate the highest common divisor of 15 and 6.
3
Calculate the highest common divisor of 12 and 6.
6
Calculate the greatest common divisor of 2916 and 8991.
243
What is the highest common factor of 118 and 2950?
118
What is the highest common factor of 606 and 24543?
303
Calculate the highest common factor of 11 and 396.
11
Calculate the greatest common divisor of 3885 and 210.
105
What is the greatest common factor of 2958 and 116?
58
Calculate the greatest common divisor of 166 and 83.
83
What is the greatest common divisor of 36 and 603?
9
Calculate the highest common divisor of 1887 and 222.
111
Calculate the highest common divisor of 61 and 3233.
61
What is the highest common factor of 1125 and 125?
125
What is the greatest common factor of 378 and 84?
42
Calculate the highest common factor of 224 and 28.
28
What is the highest common divisor of 164 and 369?
41
What is the highest common divisor of 13 and 1781?
13
Calculate the highest common factor of 258 and 12.
6
What is the highest common divisor of 638 and 58?
58
Calculate the greatest common divisor of 72 and 640.
8
What is the highest common divisor of 658 and 564?
94
Calculate the highest common factor of 38 and 171.
19
What is the highest common factor of 520 and 10?
10
Calculate the greatest common factor of 2048 and 16.
16
Calculate the highest common factor of 713 and 46.
23
What is the greatest common divisor of 263 and 22355?
263
What is the highest common divisor of 200 and 24?
8
Calculate the greatest common factor of 4658 and 34.
34
What is the greatest common factor of 9922 and 1694?
242
What is the highest common divisor of 16256 and 256?
128
Calculate the highest common factor of 13 and 169.
13
What is the greatest common factor of 2652 and 510?
102
Calculate the greatest common divisor of 16 and 1832.
8
Calculate the greatest common factor of 418 and 38.
38
What is the highest common divisor of 1638 and 26?
26
Calculate the greatest common factor of 30 and 555.
15
What is the greatest common factor of 1090 and 10?
10
Calculate the greatest common divisor of 1146 and 18.
6
What is the greatest common factor of 889 and 49?
7
Calculate the greatest common factor of 2626 and 101.
101
What is the greatest common factor of 7 and 161?
7
What is the greatest common factor of 407 and 4033?
37
What is the greatest common factor of 845 and 5?
5
Calculate the highest common divisor of 322 and 138.
46
Calculate the greatest common divisor of 3726 and 810.
162
What is the highest common divisor of 448 and 28?
28
Calculate the highest common divisor of 24 and 384.
24
What is the greatest common divisor of 10 and 64?
2
What is the highest common factor of 3249 and 9?
9
What is the highest common divisor of 115 and 85?
5
Calculate the highest common divisor of 1050 and 20.
10
Calculate the greatest common factor of 14 and 413.
7
What is the greatest common factor of 616 and 4620?
308
Calculate the highest common divisor of 765 and 85.
85
Calculate the highest common divisor of 107 and 214.
107
What is the highest common factor of 1044 and 406?
58
Calculate the highest common factor of 2915 and 50.
5
Calculate the highest common factor of 8892 and 27.
9
Calculate the greatest common factor of 1216 and 76.
76
What is the greatest common factor of 220 and 30?
10
What is the highest common divisor of 364 and 260?
52
Calculate the greatest common divisor of 130 and 5902.
26
Calculate the greatest common factor of 11253 and 363.
363
Calculate the highest common factor of 66 and 297.
33
What is the greatest common divisor of 155 and 837?
31
Calculate the greatest common divisor of 2491 and 47.
47
Calculate the greatest common divisor of 98 and 532.
14
What is the greatest common factor of 15 and 21645?
15
Calculate the greatest common factor of 80 and 4200.
40
Calculate the greatest common factor of 2244 and 12.
12
Calculate the highest common factor of 1715 and 3920.
245
What is the greatest common factor of 1995 and 315?
105
What is the greatest common divisor of 18629 and 13?
13
Calculate the highest common factor of 5 and 21520.
5
Calculate the greatest common factor of 289 and 51.
17
What is the greatest common divisor of 80 and 80?
80
What is the highest common divisor of 267 and 17889?
267
Calculate the greatest common divisor of 7976 and 16.
8
What is the greatest common factor of 29 and 464?
29
Calculate the highest common factor of 28416 and 37.
37
What is the greatest common factor of 28 and 2338?
14
What is the highest common divisor of 51 and 1462?
17
Calculate the highest common divisor of 3 and 3039.
3
Calculate the highest common factor of 22 and 902.
22
What is the highest common divisor of 420 and 84?
84
Calculate the highest common divisor of 962 and 78.
26
Calculate the highest common factor of 42 and 96.
6
What is the highest common divisor of 123 and 41?
41
What is the greatest common factor of 257 and 16448?
257
Calculate the highest common divisor of 1281 and 84.
21
What is the greatest common factor of 2 and 25?
1
Calculate the highest common factor of 1106 and 2686.
158
Calculate the highest common divisor of 621 and 138.
69
What is the greatest common factor of 1029 and 63?
21
What is the highest common factor of 119 and 2?
1
What is the highest common factor of 348 and 48?
12
Calculate the greatest common factor of 168 and 504.
168
What is the highest common divisor of 46 and 115?
23
Calculate the highest common factor of 783 and 729.
27
Calculate the greatest common factor of 301 and 119.
7
Calculate the highest common divisor of 35 and 231.
7
Calculate the highest common factor of 26427 and 69.
69
What is the greatest common divisor of 108 and 36?
36
Calculate the highest common factor of 38 and 152.
38
Calculate the greatest common factor of 56 and 805.
7
What is the highest common factor of 1026 and 38?
38
What is the highest common divisor of 45 and 207?
9
What is the greatest common factor of 667 and 29?
29
Calculate the greatest common divisor of 13 and 362.
1
What is the highest common divisor of 504 and 54?
18
What is the highest common divisor of 105 and 777?
21
What is the highest common divisor of 70 and 31535?
35
What is the highest common divisor of 4184 and 8?
8
What is the highest 